 - 6/21. Suppose -5*p + 35 + 93 = -u*j, -p = -5*j - 34. What is the tens digit of p?
2
Suppose 1597 = 23*x - 3923. What is the hundreds digit of 72/x*(-55)/(-6)*236?
6
Suppose -22*y = -14*y + 5184. Let u = -420 - y. What is the hundreds digit of u?
2
Let q be (2 + 5810/28)*-2*5. Let m = -845 - q. What is the thousands digit of m?
1
Suppose -1908*x + 2982 = -1907*x - 3*k, 2954 = x + 4*k. What is the hundreds digit of x?
9
Let g(f) = -867*f - 85. What is the hundreds digit of g(-7)?
9
Let i be ((-39)/15 + 1)*(-7 + 2). Suppose z - 3*z + i = 0. Suppose 117 = 3*x - 4*p, z*x - 5*p - 157 = -0*p. What is the units digit of x?
3
Suppose 62205 = 2*i - g, -2*g - 34346 = 3*i - 127657. What is the thousands digit of i?
1
Let x(p) = -6*p - 98. Let q be x(-17). Suppose 0 = q*m + 5*z - 3219, -2438 = -3*m - 25*z + 26*z. What is the tens digit of m?
1
Suppose 2*v - f + 4*f - 10 = 0, -2*v + 4*f - 4 = 0. Suppose -g + 971 = v*l, l + g = 4*l - 1454. What is the units digit of l?
5
Let f = 20611 - -19407. What is the tens digit of f?
1
Let l = 5920 + 270. What is the tens digit of l?
9
Suppose -6*d + 285 + 855 = 0. Suppose -194*j + 332 = -d*j. What is the units digit of j?
3
Let o(s) = -s**2 - 17*s + 203. Let q be o(8). Suppose -12*k + 2144 = -7*k + 4*i, 4*k - q*i = 1740. What is the hundreds digit of k?
4
Let j = 59 - 21. Suppose f - 49 = -4*a, -5*a = 174*f - 176*f + 111. Suppose -f = -i + j. What is the tens digit of i?
9
Suppose 3*u + 3*r - 180 = 0, 4*r + 0*r - 176 = -3*u. Suppose u*v - 70*v = -252. What is the tens digit of v?
4
Suppose 3*d + 20 = 8*d. Let c(q) = 22 + 33*q - 5 - 5*q. What is the hundreds digit of c(d)?
1
Let l = 49660 + -28308. What is the ten thousands digit of l?
2
Let b = -226 + 242. What is the units digit of (-648)/b*34/(-3)?
9
Suppose 5*i + 5*v - 26139 - 93956 = 0, -96121 = -4*i + 5*v. What is the ten thousands digit of i?
2
Let n be (0 - -5)/((-2796)/(-558) + -5). Suppose -3*s = 5*q - 2424 - n, -s + 946 = -4*q. What is the hundreds digit of s?
9
Let g = 404 - -315. Suppose 2697 = 23*l + g. What is the tens digit of l?
8
Let a(y) = -32*y**2 + 95*y + 102. Let k be a(16). Suppose -9 = -p - 3. What is the hundreds digit of p/21 - k/35?
1
Let q(h) = h + 2. Let c(b) = -2*b**2 - 32*b - 21. Let g(p) = c(p) + 2*q(p). What is the tens digit of g(-11)?
7
Let f be (4/(-6))/((-3)/(-27)). Let n be 0/2*((-9)/f - 2). Let t = 6 - n. What is the units digit of t?
6
Let m be 16527/56 + (-6)/48. Suppose 0 = 5*j - 4455 - m. What is the units digit of j?
0
Let j be ((-7633)/(-51))/((-5)/(-30)). Let u = 1700 - j. What is the units digit of u?
2
Let n(r) = 16*r**3 + r**2 - 44*r + 1. Let q(t) = 3*t**3 - 9*t. Let v = 57 - 68. Let d(j) = v*q(j) + 2*n(j). What is the units digit of d(-5)?
2
Let w = -28664 - -56448. What is the units digit of w?
4
Let k(d) = d**2 + 3*d - 65. Let b be k(-10). What is the tens digit of (2 - (-15)/(-2))*(-70)/b?
7
Suppose 9*n - 12*n + 37816 = 2*l, 3*l = -n + 12589. What is the hundreds digit of n?
6
Suppose -2*d = 5*j + 700, 0 = 8*d - 5*d + 2*j + 1050. Let l = 373 + d. What is the units digit of l?
3
Suppose -18*o - 189040 = -34*o + 8*o. What is the hundreds digit of o?
6
Let x be 5/10*-4 + 41 + 1. Suppose x*p - 30*p = 3510. What is the units digit of p?
1
Let c(x) = -178*x - 232. Let g be c(-5). Suppose -11*b - g = -14*b - 5*v, b + 2*v - 221 = 0. What is the tens digit of b?
1
Let v(u) = -u**3 + 19*u**2 - 22*u + 28. Let h be v(18). Let p = 123 - -56. Let t = p + h. What is the hundreds digit of t?
1
Let q = 303 - 298. Suppose -q*x = -x - 664. What is the tens digit of x?
6
Let o(l) = 523*l - 107. Let k(y) = -131*y + 26. Let j(n) = -9*k(n) - 2*o(n). What is the tens digit of j(4)?
1
Suppose -122*b + 7759244 = 35*b - 674639. What is the thousands digit of b?
3
Let c(x) = 2*x**3 - 45*x**2 + 60*x - 391. What is the thousands digit of c(25)?
4
Let h(n) = 2*n**2 - 22. Let g be h(-5). Suppose 0 = 3*v - 18 + 3, s = -4*v + g. Let r(y) = 2*y**2 + 2*y. What is the tens digit of r(s)?
4
Let c = 266 + -266. Suppose c = -60*d + 67*d - 9051. What is the thousands digit of d?
1
Let a = 12871 + -3972. What is the units digit of a?
9
Let y be 0/(3 + -4) + 30/6. Let b be 3 + (-3 + y - 3). What is the tens digit of b/(-4)*(-432 - -10)?
1
What is the tens digit of (155/(-2) - -1)/(2/(-5920)*10)?
4
Suppose -2*k - 40 = -x, 4*x - 5*k - 124 = -6*k. Let f = x - 30. Let g(s) = 12*s**3 - 4*s**2 + 4*s - 2. What is the units digit of g(f)?
6
Suppose -29*b = 18*b + 5*b - 790920. What is the ten thousands digit of b?
1
Let t(a) = 6*a + 107. Let l be t(-18). What is the hundreds digit of -2 + l - ((-798 - 11) + 3)?
8
Let p = 67 + -64. Suppose w + 4 - 12 = -j, p*w - 30 = -5*j. Suppose 5*i - l = 59, 0 = -j*i + 5*l + 31 - 0. What is the units digit of i?
2
Suppose 17584 = 4*r - 3883 - 12025. What is the units digit of r?
3
Let z = 477 - 829. Let h = -24 - z. What is the tens digit of h?
2
Let f = -6 + 6. Suppose f*i - 318 = -3*i. Suppose -4*g - 4*n + 156 = 0, -4*g - 2*n + i = -42. What is the units digit of g?
5
Suppose n = 2*d - 13, -2*d + 6 = n - 1. What is the units digit of (90/n)/6*-43?
5
Let w = 20639 + -2666. What is the tens digit of w?
7
Let u(p) = 2*p**2 - 26*p + 4. Let v(i) = 3*i**2 - 25*i + 5. Suppose 10*l - 29 = 11. Let g(f) = l*u(f) - 3*v(f). What is the tens digit of g(-19)?
9
Suppose 3*j - 125784 - 1896 = 0. What is the hundreds digit of j?
5
Suppose -3*m - 74975 = -4*v, -m = -v + 11728 + 7014. What is the tens digit of v?
4
What is the thousands digit of (-8)/3*-6494 - 16/(-24)?
7
Let p = 2527 - 980. Suppose -20*f + p = -3*f. What is the units digit of f?
1
Let z be (-14)/4*(10 + 156/(-14)). Suppose -4*w + 7960 = z*f, -w = -3*f + 6349 - 395. What is the thousands digit of f?
1
Let k be 4/(-8) - -1 - (-12782)/4. Suppose -7*r + 14270 = k. What is the tens digit of r?
8
Let p = 1318 - 774. Let v = 1292 - p. What is the tens digit of v?
4
Let x(k) = -298*k - 105. Let j be x(7). Let c = j + 3258. What is the hundreds digit of c?
0
Let g be (2 + 0 - 1)/(39/(-39)). What is the units digit of ((-395703)/(-22))/21 + g/(-2)?
7
Let q(m) = m**3 - 8*m**2 + 11*m + 3. Let j be q(8). Suppose 2*c = -2*c + 24. Suppose -c*a + 209 = -j. What is the tens digit of a?
5
Suppose -2*c + 453 = 5*r - 2625, 3*c - 4627 = -5*r. Suppose -734 = -2*d + 5*y, -3*d - 498 + c = 5*y. What is the units digit of d?
7
Let c(t) be the first derivative of t**3/3 + t**2 - 31*t - 22. What is the tens digit of c(-13)?
1
Let c = -10395 - -61765. What is the tens digit of c?
7
Suppose -220*c = -1004056 - 4821544. What is the hundreds digit of c?
4
Suppose 0 = -4*v + 2 + 58. Suppose 0 = -5*m - 0*m + v. Suppose 2*b = -h + 111, -5*b - m*h - 144 = -421. What is the units digit of b?
6
Let g = 43 + -34. Let q = 17 - g. Suppose -2*p - 234 = -q*p. What is the units digit of p?
9
Let t(b) = -314*b - 488. What is the units digit of t(-23)?
4
Let u(n) = n**2 - 15*n - 30. Let w(q) = 36*q - 20. Let r be w(3). Let s = r + -97. What is the hundreds digit of u(s)?
1
Let d = 772 + -542. Suppose 4*w - 2082 = -5*g, 4*w - d = -g + 196. What is the units digit of g?
4
Suppose 985358 = 25*t + 64458. What is the tens digit of t?
3
Suppose 39*s - 40*s = -21. Let r(b) = 5*b - 19. Let y be r(s). Let g = y + 19. What is the units digit of g?
5
Let f(l) = -3*l**3 + 5*l**2 - 3*l + 1. Let z be f(0). Let i = -15 - 17. What is the units digit of ((-45)/36)/(z - (-34)/i)?
0
Let n be (-65)/1 - 1 - 3. Let s = n - -195. Suppose -7*v + s = -4*v. What is the tens digit of v?
4
Let b = 392 + -270. Let w = b - 63. What is the tens digit of w?
5
Let q be 8 + ((-16)/4)/1. Suppose -564 = 4*a - 3*k + 343, q*a - 5*k + 901 = 0. Let p = a - -352. What is the hundreds digit of p?
1
Let v(u) = -5*u**2 + 10*u + 5*u**3 - 6*u**3 + 9*u - 3*u - 1. Let t be v(-7). What is the tens digit of ((-5)/t)/(1/774)?
5
Let o(x) = x**3 - 3*x**2 - x - 7. Let j be o(4). Suppose -3*b = j*c - 30, -12 = -4*c + 2*c + 3*b. What is the units digit of (2 + 1)*236/c?
8
Suppose 0 = 2*i + r + r + 4910, -10 = -2*r. Let s = 1466 + i. What is the units digit of s/(-10) + -4*(-4)/(-40)?
9
Suppose 0 = z - 5*j - 1462 - 408, 2*z - 3*j - 3747 = 0. What is the tens digit of z?
7
Let z(w) = -173*w + 6. Suppose 3*u = -3*r - 21, -3*u + 2*r = -2*r - 14. Let h be z(u). Suppose h = 5*x 